site number?
True
Let q be (-119)/(-6) + 1/6. Suppose 5*t - q = 0, 2*t = -3*l - 2*l + 4773. Is l a composite number?
False
Let r(x) = -x - 2. Let p be r(-6). Suppose d + 2 = p. Suppose 0 = -z - d + 33. Is z composite?
False
Let j(m) = -2*m**3 + 5*m + 3. Suppose -3*p - 18 = 3*l, -5*l - 7 = -p + 5. Let n be j(l). Suppose -4*r - n = -7*r. Is r prime?
False
Suppose 2*h - 2 - 2 = 0. Suppose 2*x = y - 88, -h*y + 118 = -3*x - 16. Is (x/(-8))/((-18)/(-48)) prime?
False
Suppose -2 - 8 = 2*o. Let x = 7 + o. Suppose -l + 27 = x*l. Is l prime?
False
Let l = -6 + 6. Suppose l = 3*v - 211 - 296. Is v a composite number?
True
Let k(w) = -w**3 + 15*w**2 - 10*w - 5. Suppose 3*m - 28 = 14. Is k(m) a composite number?
True
Let f = 4181 - 2875. Is f composite?
True
Suppose 3*a - 61 = -2*x, a + 2*x = 4*x + 31. Suppose 12 = 12*b - 15*b. Let m = a + b. Is m a composite number?
False
Let y(c) = -c**3 + 9*c**2 - 4*c - 7. Let v be (2/(-4))/(5/(-60)). Is y(v) a composite number?
True
Suppose 16*n = 12*n + 4292. Is n a prime number?
False
Suppose 2*v = k - 618, 8 = -3*v + 5*v. Suppose 0 = 4*j - 3*a - k, -j + 6*j - 785 = 5*a. Is j a composite number?
True
Let b be (3/(-6))/((-1)/6). Suppose 0 = -r + 8 + b. Is r composite?
False
Let q(t) = -6*t + 1. Let f = -11 + 7. Is q(f) composite?
True
Let m(z) be the first derivative of -16*z**2 - 11*z + 4. Is m(-5) a prime number?
True
Suppose 49 = m - 0*m. Is m a composite number?
True
Suppose -i = -7*d + 3*d + 12, 5*i + 3 = d. Suppose x = -2*k - 5, i = 6*x - x + 25. Suppose 2*r - 2*q = 92, 3*q - 191 = -4*r - k*q. Is r a prime number?
True
Suppose 2*c - 5*d = -2*c + 333, 5*c + 2*d - 441 = 0. Is c prime?
False
Let q(z) be the second derivative of 11*z**3/6 + 3*z**2/2 - 2*z. Is q(10) prime?
True
Suppose -2*j - 8 = -j. Is (9 + j)*(9 + 1) a prime number?
False
Suppose 15 = i - 4*i + 3*l, -4*i - 5 = l. Is -1*(i + 3) - -52 composite?
True
Let n = 17 - -14. Is n a composite number?
False
Let b be (-2823)/(-15) + 20/25. Suppose -5*v + 481 = -4*x, 0 = -2*v + 7*x - 2*x + b. Is v prime?
True
Let g = -113 + 72. Let o = 260 + g. Is o composite?
True
Let j(h) be the third derivative of h**4/6 - 3*h**3/2 + h**2. Is j(8) composite?
False
Suppose -2*c + c = 7. Let s(z) = -2*z + 3. Let v be s(c). Suppose 3*b + 10 - 3 = -2*i, -2*i - 5*b = v. Is i composite?
True
Suppose -3*k - 3 = -2*k. Let s = 5 - k. Let z = 19 - s. Is z a prime number?
True
Let j(l) = -l**3 + 12*l**2 - 8*l - 14. Is j(9) a composite number?
False
Let r = 38 - 15. Is r a prime number?
True
Let j = 2218 - 1497. Is j a composite number?
True
Let w(p) = -3*p**2 + 3*p - 2. Let m be w(2). Let z be (-3)/(-12) - (-82)/m. Is (5/z)/((-2)/356) prime?
True
Is (-8686)/(-10) - (-12)/30 composite?
True
Let p = -638 + 1271. Is p a prime number?
False
Let p(w) = w**3 - 8*w**2 - 8*w - 6. Let u be p(9). Suppose -d + 10 = 4*n, n - 4 = -4*d + u*n. Suppose 0*f = -2*f + d*x + 164, -4*x + 437 = 5*f. Is f composite?
True
Let g(k) = 2*k - 12. Let x be g(8). Suppose -x*r - 4*b = 0, 5*r - b = 3*r + 12. Suppose r*z - 34 = 102. Is z prime?
False
Let c(w) = -33*w**2 + 2*w. Let z be c(-5). Let o = z - -1254. Is o a prime number?
True
Let w(q) = -q**2 + 6*q - 7. Let f be w(6). Let h(n) = -n**3 - 5*n**2 + 10*n + 3. Is h(f) a composite number?
False
Let s be (0 - 1)/(2/(-7522)). Suppose -3*w + a + s = 0, 0 = -3*a - 0*a - 6. Is w composite?
True
Suppose 0 = 4*v - 3*s - 25, 4*v - 22 = -0*s + 2*s. Suppose v*a - 5*p = 71 + 436, -a + 138 = p. Is a composite?
True
Let n = -46 - -68. Suppose -5*c + 6 = -2*p - 1, -2*c + n = 4*p. Suppose 0*i = 2*t + 3*i - 79, i + 137 = p*t. Is t a prime number?
False
Suppose 0 = 25*s - 24*s - 2333. Is s prime?
True
Suppose -3*s = -3*c - 648, -5*c + 202 = 4*s - 653. Is s prime?
False
Suppose -4*x = -4*p + 1336, -3 = -3*x + 6. Is p composite?
False
Let y be ((-5)/(-4))/((-1)/(-24)). Suppose 5*w = -2*m + 33 + y, 4*m = -3*w + 91. Is m a composite number?
False
Let b(z) = z**3 - 8*z**2 + 8*z - 10. Let c be b(8). Suppose a = 4*l + c, -7*a + 4*l = -2*a - 350. Is a composite?
True
Let i be 144/(-63) + 2/7. Is i/(-2)*(11 - -26) prime?
True
Suppose 3*q - 426 = -3*q. Is q prime?
True
Let n(i) = i**2 + i + 8. Let h be n(0). Suppose 0 = 2*z - 0*z + 2. Let d = z + h. Is d a composite number?
False
Is 12/(-90)*-4062 - 3/5 prime?
True
Suppose 2*h - 3*h = -15. Let l = h + 8. Is l a prime number?
True
Suppose 4*l + 4 = l + b, -2*l - 3 = -b. Let n be (3 + -2)/(l/2). Is (1/n)/((-1)/62) prime?
True
Let j = 9 - 10. Let r be 3 - (j + -2 + 3). Suppose -4*k + 3*k + r = 0. Is k composite?
False
Let y = -17 - -38. Is y a composite number?
True
Suppose 2*q + 6 = -0*q + 3*f, -3*q - 5*f = -29. Suppose -q*w = -2*u + 56, -139 + 5 = -4*u - 5*w. Is u prime?
True
Suppose 0 = -4*n + 3*l + 1004, 4*n - 516 = 2*n - 2*l. Is n composite?
True
Is ((-8)/16)/((-2)/652) - 4 prime?
False
Is (-387)/(-5) - 28/70 a prime number?
False
Suppose 0 = 2*u - 32 + 10. Suppose 0 = -5*q + 144 + u. Is q a prime number?
True
Let t(k) = -k - 5. Let l be t(4). Is l/3 + (113 - -1) composite?
True
Let t be (1/(-2))/(3/(-12)). Suppose -t*q = -6*q + 76. Is q a prime number?
True
Is ((-1)/(-2))/(8/6064) prime?
True
Let d(w) = -3*w - 6. Let i be d(-4). Suppose -g - b + 3*b + 236 = 0, -1144 = -5*g + b. Is g/9 + (-2)/i a prime number?
False
Let x(d) = -d - 2. Let g be x(-5). Suppose g*h + 0*h = 1065. Is h a composite number?
True
Suppose 0 = 3*a - 5*y - 22, a - 6 - 8 = 5*y. Suppose -a*z = -v - 2*z + 16, 3*v = 2*z + 64. Suppose 0 = 4*r + o + 4*o - 78, -o = -r + v. Is r prime?
False
Suppose -x + 111 = -0*x. Is x composite?
True
Let h = 6 - -12. Let g = h - 27. Let c = g - -18. Is c prime?
False
Let b(x) = -17*x - 8. Let w be b(-7). Suppose 4*a - w = 109. Is a prime?
False
Let z = -19 - -12. Let j = 39 - z. Is j a prime number?
False
Is (16998/4)/3*92/46 prime?
True
Suppose -3*v + 0*h + h + 19 = 0, v + 4*h = -11. Suppose -v*w - 15 = 0, -3*g - 2*w - 8 = -g. Is ((-3)/6)/(g/382) composite?
False
Suppose -r = -5*l + r - 386, -4*l - 292 = 4*r. Let b = l - -131. Is b a composite number?
True
Let j(h) = -2*h**3 - h**2 - 5*h - 1. Is j(-2) prime?
False
Suppose 15 = -3*j, -2*r - 3*j - 1307 = -3*r. Is 4/10 + r/20 prime?
False
Let f be 2/2*24/(-8). Let o be (-1)/f + (-1340)/6. Is 1 - 2 - (o + -1) a prime number?
True
Suppose 4*r + 2*n = 26 + 168, 0 = -5*r + n + 239. Let m be (0 - -3 - 5) + r. Suppose m = k - 37. Is k composite?
False
Let m(f) be the third derivative of 19*f**5/60 - 7*f**4/24 + 5*f**3/6 - 2*f**2. Is m(5) composite?
True
Let t(z) = -2*z**3 + z**2 + z. Let k be t(-1). Suppose -3*r = -2*m + 3*m + 1, k*m - 4 = -3*r. Suppose -3*u + 6*g + 144 = g, -m*g - 250 = -5*u. Is u prime?
True
Let k(g) = g**2 - g + 1. Let q be k(0). Let u be 5/15*21/q. Is -2*10/(-4)*u composite?
True
Let k = -154 - -264. Suppose -4 = 2*c, -x + 0*c - 3*c - 1 = 0. Suppose p - k = 5*n, -3*p - x*n + 64 = -166. Is p composite?
True
Suppose -2*x = 2*x. Let i = -28 - x. Let q = i + 81. Is q composite?
False
Let f(r) = r**2 - 4*r - 1. Let c be f(5). Let v = c - 4. Suppose v = 3*k - 55 - 2. Is k a prime number?
True
Let j(y) = -32*y**3 + y**2 - 1. Let v be j(-1). Suppose 4*i = 172 - v. Is i a composite number?
True
Suppose -6*m = -1428 - 3186. Is m prime?
True
Suppose -6*n = -n + 15. Is (-2)/n*(-795)/(-10) a prime number?
True
Suppose 0*w - 573 = -3*w. Is w a prime number?
True
Suppose d - 8 = 5. Let s(b) = -3*b - d*b**3 - 3*b**2 + 2*b**2 + 3*b**2 - 3. Is s(-2) prime?
False
Suppose 0 = g + 3*g - 212. Is g prime?
True
Let x be 132 - ((-2)/2 + 3). Let k = x - 53. Is k a prime number?
False
Let p(k) = k + 6. Let d be p(-4). Suppose 0 = -x + 4*j - d, 2*x - j = 4*j + 2. Suppose -x*i + 2*i + 52 = 0. Is i composite?
False
Suppose 0 = 2*a - 2*s + 194, a - 4*s + 0*s = -97. Let p = a + 190. Is p a prime number?
False
Let l = 513 - -328. Is l prime?
False
Suppose -3*i + 254 = -u - 65, 4*i - 426 = 2*u. Let l = 265 + i. Is l composite?
True
Let m = 0 - 0. Suppose -3*p = -3*t + 5*t, 4*p + 16 = m. Is 1 - -33*20/t a composite number?
True
Let f = 6009 + -3880. Is f a composite number?
False
Let f(d) = 27*d - 1. Let i = -1 - -2. Let r = 3 - i. Is f(r) a prime number?
True
Let r(c) = -7*c**3 - 3*c + 7*c**2 + 4*c**3 + 13 + 2*c**3. Is r(6) a composite number?
False
Suppose 0 = -q + 2433 + 866. Is q composite?
False
Le